42/121)?
8
What is the ten thousands digit of 6257349/378 + (4 + 75/(-18))*-1?
1
Suppose -2*c + 5 = 3*n, 0 = 18*n - 13*n - 4*c - 23. What is the hundreds digit of 3/n*-1*(-385 + 1)?
3
Suppose 309252 + 733831 = 244*i - 859385. What is the tens digit of i?
9
Let d be (-5 + 0)*(-64)/20. Let h(l) = l**3 - 16*l**2 + l - 16. Let i be h(d). Suppose -a = -3*g + 758, 3*a + i*a = 3. What is the tens digit of g?
5
Let b = -49 - -20. Let n = b + 28. What is the units digit of n*(1 + 0 + -4) - -183?
6
Let r(y) = -y**3 - 7*y**2 - 14*y - 11. Let f be r(-5). Let l be 9/(-3) + 2 - (0 + f). Let h = 52 + l. What is the units digit of h?
2
Let k(q) = q**3 - 54*q**2 - 66*q - 323. What is the tens digit of k(56)?
5
Let r = 24495 - -2115. What is the units digit of r?
0
Let i = 32 - 28. Let c(t) = 12*t**3 - 2*t**2 - 6*t - 7. Let h be c(i). Suppose -k - w + 4*w = -219, 3*k - h = -3*w. What is the hundreds digit of k?
2
Suppose 32 = -49*w + 45*w. Let v(z) be the third derivative of -13*z**4/12 + 7*z**3/6 + 2*z**2. What is the hundreds digit of v(w)?
2
Let o = 148 - -103. Suppose 4*i - 609 = -5*g + 126, -6*g + 5*i = -931. Let s = o - g. What is the hundreds digit of s?
1
Let t(x) be the first derivative of x**4/2 - 7*x**3 - 7*x**2 + x - 4. Let s be t(12). Suppose 0 = -2*v + s + 7. What is the units digit of v?
6
Let y(n) = -40*n**3 - 4*n**2 - 9*n + 16. Let p(t) = -39*t**3 - 3*t**2 - 7*t + 15. Let h(r) = -5*p(r) + 4*y(r). What is the tens digit of h(3)?
2
Suppose -16*q + 1278 = -2. Let p be (-16)/(-6) - (-2)/(-3). Suppose p*d + 2*t - 192 = 0, -106 = -2*d + t + q. What is the units digit of d?
4
Suppose 30*c = 18*c - 11952. Let z = 1417 + c. What is the tens digit of z?
2
Suppose 2153*c + 84414 = 2164*c. What is the units digit of c?
4
Suppose -548*n + 1103*n - 553*n - 13456 = 0. What is the tens digit of n?
2
Let l(x) = 303*x**2 + 13*x + 47. Let d be l(-3). What is the tens digit of d/15 + 3 + 26/(-6)?
8
Suppose -3*a + 8 - 2 = -2*h, -5*a = -h - 3. Let k be (h - -4)/((-1)/53). What is the units digit of (k/(-2))/((2/16)/1)?
2
Let u(f) = 3*f - 32. Suppose 6 + 0 = j. Let m be u(j). Let w = m - -78. What is the tens digit of w?
6
Suppose 9*c = -2416 - 1256. Let d = -153 - c. What is the units digit of d?
5
Let m be 4 + ((-86)/6)/(5/(-180)). Let s = m + -420. What is the tens digit of s?
0
Suppose -216 = 24*w - 28*w. Let v = w - -142. What is the tens digit of v?
9
Suppose 27*f - 2 = 52. Suppose -5*g + f*g = -3552. What is the hundreds digit of g?
1
Suppose -4*k = -0 - 312. Let r = k - -229. What is the tens digit of r?
0
Let g be -4*(1/4 - 1). Let d be (2 - 1)*-4 - ((13 - 13) + -4). Suppose -2*x + 140 = -x - 5*o, g*x - 4*o - 387 = d. What is the hundreds digit of x?
1
Let w be (5 + (-10)/5)*5. Let n be 1/(1 - 10/w). Suppose 0 = 4*r + t - 83, 0 = -n*r + 5*t - 4*t + 57. What is the tens digit of r?
2
Let q(a) = -203*a + 173. Let k(x) = -8*x + 379. Let z be k(48). What is the thousands digit of q(z)?
1
Let z(d) = 23*d**2 + 169*d + 55. What is the units digit of z(16)?
7
Let i(r) = -r**3 + 7*r**2 - 6*r + 4. Let j be i(5). Let f = 30 - j. Suppose -f*c - p = -2*c - 187, -5*p = 4*c - 183. What is the units digit of c?
7
Suppose 2*n = -l + 2*l + 3, 3*l + 3*n - 27 = 0. Suppose 0 = 2*w + g - 225, -4*w + 108 = -3*w + l*g. What is the tens digit of w?
1
Suppose 0 = -3*i - i + 13596. Let q be i/24 + 12/32. What is the units digit of (-1)/((-2)/q) - 0?
1
Suppose 0 = 28*c - 1321189 + 25321. What is the tens digit of c?
8
Let y(x) = 8*x**3 + 21*x**2 + 17*x + 32. Let o = -62 + 51. Let r(u) = 3*u**3 + 7*u**2 + 6*u + 11. Let l(g) = o*r(g) + 4*y(g). What is the units digit of l(5)?
7
Let b be (-2)/8 + (-747)/36. Let m = -16 - b. What is the hundreds digit of (-10)/25 - 4/m*-138?
1
Suppose -m = s + 2*s - 5, m - 11 = -5*s. Suppose 5*u + s*j - 1044 = 4*j, 3*j - 212 = -u. What is the units digit of u?
9
Let w(p) = 14*p**2 - 50*p - 13. Suppose -32*v = -31*v - 11. What is the tens digit of w(v)?
3
Let q be (-27)/((45/(-102))/(-5)). Suppose -17*d + 34*d - 51 = 0. What is the units digit of q/(-12)*22/d?
7
Suppose -49992 = -2*s + t, 4*s = -t + 158886 - 58896. What is the units digit of s?
7
Let v = -10035 - -15170. What is the tens digit of v?
3
Let p(d) = -d**3 - 11*d**2 + 49*d + 14. Let a be p(-14). Let l = a + 295. What is the hundreds digit of l?
2
Let s be 39/13 - 117/(-1). Let j be s*3/6 + (-2)/2. Let r = 207 - j. What is the tens digit of r?
4
Let u(w) = w**2 + 4*w + 5. Let j be u(-4). Suppose -j*n = 3*x - 1885, x - 11*n + 8*n = 619. What is the units digit of x?
5
Suppose -9*f = 5*f + 12253 - 189003. What is the units digit of f?
5
Let w(i) = i**3 - 18*i**2 + 17*i - 6. Let q be w(17). Let l be (0 - 2)/4 - 3/q. Suppose l*j + 2*j = 82. What is the tens digit of j?
4
Let g = 89 + -86. Let j be 2153*(-1)/(-5) - g/5. Let v = -212 + j. What is the units digit of v?
8
Let m(d) = 33*d - 7 - 22 - 25*d - 31. Let x be m(8). Suppose -3*j = 2*n - 145 - 188, -4 = x*j. What is the hundreds digit of n?
1
Let q(u) = 440*u + 88. Suppose -18*v = -56*v + 76. What is the hundreds digit of q(v)?
9
What is the units digit of ((-61014)/(-12))/((-13)/(-14) - 15/35)?
9
Suppose -2*r = z + 1 + 1, 0 = 2*z - 4*r + 4. Let k be (-2)/(z - (1 + -1)). Let s = k + 1. What is the units digit of s?
2
Let w(c) = 800*c - 1509. What is the hundreds digit of w(12)?
0
Let w(z) = 878*z + 150. What is the hundreds digit of w(12)?
6
Suppose -2*a + 76 = -4*z, 0 = z + 2*z - 3*a + 54. Let i be 2/(-10) + (-3804)/z. Suppose 12*w = 10*w + i. What is the tens digit of w?
9
Let k = -12088 - -22662. What is the units digit of k?
4
Let t = -5086 + 30295. What is the hundreds digit of t?
2
What is the hundreds digit of 4/(-3) + 12/180*915845?
0
Suppose 562 + 335 = 47*t - 889. Let w(i) = -i**2 - 2*i + 3. Let z be w(-3). Suppose z*k = a + 2*k - t, -a + 3*k = -33. What is the units digit of a?
6
Let f be 1*(558*1)/(-6). Let m = 75 - f. What is the hundreds digit of m?
1
Let v = 5913 + -4191. Let k = -919 + v. What is the hundreds digit of k?
8
Suppose 5*y = -4*a + 24, 0*a + 3*y - 10 = 2*a. Let j(v) = 46*v**3 - 2*v**2 + 1. Let b be j(a). Let r = -31 + b. What is the units digit of r?
4
Suppose 0*y - 3*a + 6 = 3*y, 0 = y - 5*a + 28. What is the hundreds digit of 4656/24 - (y - (-2 - -3))?
1
Let z(l) = -l**3 + 34*l**2 + 41*l + 85. Suppose 0 = -3*w - k + 105, 3*k = 2*w + 14 - 84. What is the tens digit of z(w)?
9
Let i = 35 + 2. Suppose -2*s = 2*m - 10, m - i = -5*s - 0*m. Suppose 0 = d + 3 - s. What is the units digit of d?
5
Let a = 20857 + -15883. What is the hundreds digit of a?
9
Let g(m) = -m**2 - 15*m - 24. Suppose -2*b + 2*l + 21 = -3, 5*l = -4*b + 75. Suppose 8*d + b + 65 = 0. What is the units digit of g(d)?
6
Suppose k + 46 - 1426 = 0. Suppose 4*a = 5*l + k, 390 = 2*a - 2*l - 298. Suppose -3*t + 7*w = 3*w - a, 2*w + 116 = t. What is the hundreds digit of t?
1
Let z(q) = q**3 - 17*q**2 - 18*q - 10. Let s be ((-2 - (-147)/15) + -4)*5. What is the hundreds digit of z(s)?
3
Let a be (2601/68)/(2/32). Let s = a - 41. What is the units digit of s?
1
Suppose 0 = -6*j + 10*j - 52. Let y be (-1 - 2) + (18 - j). Suppose 13 + 143 = y*w. What is the tens digit of w?
7
Let x(q) = -24*q - 6. Let v be x(-2). Let w = v - 44. What is the tens digit of w/(6/9) + 43?
4
Let y(c) = 39651*c**3 - 3*c**2 - 5*c + 9. What is the ten thousands digit of y(1)?
3
Let v(k) = 66*k**2 - 17*k - 59. Let j be -2 + 4 + (-8 - 2 - -5). What is the tens digit of v(j)?
8
Let y(j) = j**3 + 4*j + 15. Let i be (-30)/(-4) - ((-20)/8 + 3). Let o be y(i). Suppose 0 = 3*l + 3*r - 240, o = 5*l + 6*r - 8*r. What is the tens digit of l?
7
Let m be 1/(-6) - (1 - 74/12). Suppose -z = m - 6. What is the units digit of -67*(-3 + 2)*z?
7
Suppose -4 = v - 0. Let x(w) be the first derivative of 4*w**3/3 - w**2 - 2*w - 52. What is the tens digit of x(v)?
7
Let h = 37303 + -14808. What is the ten thousands digit of h?
2
Suppose 5*v - 168575 = -3*o, -971*o - 112339 = -973*o + 3*v. What is the hundreds digit of o?
1
Suppose 1329*b - 332382 = 1306*b + 96407. What is the hundreds digit of b?
6
Let c(g) = -g**2 + 8*g - 52. Let u be c(21). Let i = -215 - u. What is the units digit of i?
0
Suppose 0 = 4*u + 5*m + 439 - 20692, -3*u + m + 15185 = 0. What is the thousands digit of u?
5
Let t(z) = 2*z**2 - 4*z